{"id":165,"date":"2022-01-25T19:37:47","date_gmt":"2022-01-25T18:37:47","guid":{"rendered":"http:\/\/zygnarowski.dkonto.pl\/?page_id=165"},"modified":"2022-02-19T23:29:19","modified_gmt":"2022-02-19T22:29:19","slug":"mieszkancy-decyduja","status":"publish","type":"page","link":"https:\/\/zygnarowski.dkonto.pl\/index.php\/mieszkancy-decyduja\/","title":{"rendered":"Mieszka\u0144cy decyduj\u0105"},"content":{"rendered":"\n<h2 class=\"has-text-align-center has-white-color has-dark-blue-background-color has-text-color has-background has-extra-small-font-size wp-block-heading\" id=\"budzet-obywatelski-po-nowemu\" style=\"font-style:normal;font-weight:500;text-transform:uppercase\"><strong>BUD\u017bET OBYWATELSKI PO NOWEMU<\/strong><\/h2>\n\n\n<p style=\"text-align: justify;\"><em>Bud\u017cet Obywatelski W\u0105brze\u017ana jest wadliwy, a zasady jego realizacji budz\u0105 du\u017co w\u0105tpliwo\u015bci. Po tegorocznym niepowodzeniu bud\u017cetu obywatelskiego W\u0105brze\u017ana widoczna jest konieczno\u015b\u0107 pilnej zmiany regulaminu bud\u017cetu. Wypracujemy nowy regulamin bud\u017cetu obywatelskiego. Zmienimy zasady wydatkowania \u015brodk\u00f3w i kwalifikowania zada\u0144 do realizacji. <br \/>Do oceny z\u0142o\u017conych wniosk\u00f3w zostan\u0105 w\u0142\u0105czeni przedstawiciele \u201enowych\u201d organ\u00f3w doradczych Miasta, tj. Rady Miasta Senior\u00f3w, M\u0142odzie\u017cowej Rady Miasta. <br \/><\/em><\/p>\n\n\n<h5 class=\"has-red-color has-text-color wp-block-heading\" id=\"komentarz-burmistrza\">Komentarz Burmistrza:<\/h5>\n\n\n\n<p class=\"has-red-color has-light-gray-background-color has-text-color has-background\">Tutaj komentarz Burmistrza co uda\u0142o si\u0119 do tej pory zrealizowa\u0107. Tutaj komentarz Burmistrza co uda\u0142o si\u0119 do tej pory zrealizowa\u0107. Tutaj komentarz Burmistrza co uda\u0142o si\u0119 do tej pory zrealizowa\u0107. Tutaj komentarz Burmistrza co uda\u0142o si\u0119 do tej pory zrealizowa\u0107. <\/p>\n\n\n\n<h2 class=\"has-text-align-center has-white-color has-dark-blue-background-color has-text-color has-background has-extra-small-font-size wp-block-heading\" id=\"udzial-dzieci-w-zyciu-miasta-mrm-dzieciecy-bo\" style=\"font-style:normal;font-weight:500\"><strong>UDZIA\u0141 DZIECI W \u017bYCIU MIASTA, MRM, DZIECI\u0118CY BO<\/strong><\/h2>\n\n\n<p style=\"text-align: justify;\"><em>Zaanga\u017cujemy dzieci w \u017cycie i projektowanie miasta. Powstanie Dzieci\u0119cy Bud\u017cet Obywatelski i M\u0142odzie\u017cowa Rada Miasta. Dzieci i m\u0142odzie\u017c b\u0119d\u0105 mog\u0142y zmienia\u0107 swoje otoczenie i realizowa\u0107 pomys\u0142y. Stworzymy stabilny fundament spo\u0142ecze\u0144stwa obywatelskiego w kolejnych latach.<\/em><\/p>\n<p style=\"text-align: justify;\"><em>Najm\u0142odszych czynnie w\u0142\u0105czymy w proces projektowania plac\u00f3w zabaw, \u015bcie\u017cek rowerowych, dr\u00f3g do szko\u0142y. Wykorzystamy do tego aplikacj\u0119 multimedialn\u0105.<\/em><\/p>\n\n\n<h5 class=\"has-red-color has-text-color wp-block-heading\" id=\"komentarz-burmistrza\">Komentarz Burmistrza:<\/h5>\n\n\n\n<p class=\"has-red-color has-light-gray-background-color has-text-color has-background\">Tutaj komentarz Burmistrza co uda\u0142o si\u0119 do tej pory zrealizowa\u0107. Tutaj komentarz Burmistrza co uda\u0142o si\u0119 do tej pory zrealizowa\u0107. Tutaj komentarz Burmistrza co uda\u0142o si\u0119 do tej pory zrealizowa\u0107. Tutaj komentarz Burmistrza co uda\u0142o si\u0119 do tej pory zrealizowa\u0107. <\/p>\n\n\n\n<h2 class=\"has-text-align-center has-white-color has-dark-blue-background-color has-text-color has-background has-extra-small-font-size wp-block-heading\" id=\"rada-miasta-seniorow\" style=\"font-style:normal;font-weight:500\"><strong>RADA MIASTA SENIOR\u00d3W<\/strong><\/h2>\n\n\n<p style=\"text-align: justify;\"><em>Skorzystamy z wiedzy i do\u015bwiadczenia senior\u00f3w. Stworzymy Rad\u0119 Miasta Senior\u00f3w jako organ doradczy Miasta. Chcemy \u017ceby seniorzy doradzali i opiniowali w wa\u017cnych dla miasta sprawach\u2026<\/em><\/p>\n\n\n<h5 class=\"has-red-color has-text-color wp-block-heading\" id=\"komentarz-burmistrza\">Komentarz Burmistrza:<\/h5>\n\n\n\n<p class=\"has-red-color has-light-gray-background-color has-text-color has-background\">Tutaj komentarz Burmistrza co uda\u0142o si\u0119 do tej pory zrealizowa\u0107. Tutaj komentarz Burmistrza co uda\u0142o si\u0119 do tej pory zrealizowa\u0107. Tutaj komentarz Burmistrza co uda\u0142o si\u0119 do tej pory zrealizowa\u0107. Tutaj komentarz Burmistrza co uda\u0142o si\u0119 do tej pory zrealizowa\u0107. <\/p>\n\n\n\n<h2 class=\"has-text-align-center has-white-color has-dark-blue-background-color has-text-color has-background has-extra-small-font-size wp-block-heading\" id=\"podzial-miasta-na-dzielnice-sesje-rady-miasta-w-dzielnicach\" style=\"font-style:normal;font-weight:500\"><strong>PODZIA\u0141 MIASTA NA DZIELNICE, SESJE RADY MIASTA W DZIELNICACH<\/strong><\/h2>\n\n\n<p style=\"text-align: justify;\"><em>Utworzymy pi\u0119\u0107 dzielnic Miasta. W ka\u017cdej z nich aktywnie dzia\u0142a\u0107 b\u0119dzie tr\u00f3jka radnych. W\u00a0dzielnicach odbywa\u0107 si\u0119 b\u0119d\u0105 pikniki dzielnicowe i spotkania z mieszka\u0144cami. W ka\u017cdej dzielnicy przynajmniej raz w roku odb\u0119dzie si\u0119 sesja Rady Miasta, dzi\u0119ki kt\u00f3rej mieszka\u0144cy b\u0119d\u0105 mogli z \u0142atwo\u015bci\u0105 przyjrze\u0107 si\u0119 pracy rady miasta oraz zg\u0142osi\u0107 swoje potrzeby.\u00a0<\/em><\/p>\n\n\n<h5 class=\"has-red-color has-text-color wp-block-heading\" id=\"komentarz-burmistrza\">Komentarz Burmistrza:<\/h5>\n\n\n\n<p class=\"has-red-color has-light-gray-background-color has-text-color has-background\">Tutaj komentarz Burmistrza co uda\u0142o si\u0119 do tej pory zrealizowa\u0107. Tutaj komentarz Burmistrza co uda\u0142o si\u0119 do tej pory zrealizowa\u0107. Tutaj komentarz Burmistrza co uda\u0142o si\u0119 do tej pory zrealizowa\u0107. Tutaj komentarz Burmistrza co uda\u0142o si\u0119 do tej pory zrealizowa\u0107. <\/p>\n\n\n\n<h2 class=\"has-text-align-center has-white-color has-dark-blue-background-color has-text-color has-background has-extra-small-font-size wp-block-heading\" id=\"gora-zamkowa-plaza-miejska-parki\" style=\"font-style:normal;font-weight:500\"><strong>INFORMATOR BUD\u017bETOWY<\/strong><\/h2>\n\n\n<p style=\"text-align: justify;\"><em>Bud\u017cet miasta to \u015brodki publiczne. Co roku, po przyj\u0119ciu bud\u017cetu Miasta ka\u017cdy mieszkaniec otrzyma bezp\u0142atnie broszur\u0119, w kt\u00f3rej w spos\u00f3b prosty i czytelny b\u0119d\u0105 przedstawione dochody i wydatki miasta. Mieszka\u0144cy poznaj\u0105 w ten spos\u00f3b, jak s\u0105 konsumowane ich \u015brodki publiczne.<\/em><\/p>\n\n\n<h5 class=\"has-red-color has-text-color wp-block-heading\" id=\"komentarz-burmistrza\">Komentarz Burmistrza:<\/h5>\n\n\n\n<p class=\"has-red-color has-light-gray-background-color has-text-color has-background\">Tutaj komentarz Burmistrza co uda\u0142o si\u0119 do tej pory zrealizowa\u0107. Tutaj komentarz Burmistrza co uda\u0142o si\u0119 do tej pory zrealizowa\u0107. Tutaj komentarz Burmistrza co uda\u0142o si\u0119 do tej pory zrealizowa\u0107. Tutaj komentarz Burmistrza co uda\u0142o si\u0119 do tej pory zrealizowa\u0107. <\/p>\n\n\n\n<h2 class=\"has-text-align-center has-white-color has-dark-blue-background-color has-text-color has-background has-extra-small-font-size wp-block-heading\" id=\"gora-zamkowa-plaza-miejska-parki\" style=\"font-style:normal;font-weight:500\"><strong>WI\u0118CEJ URZ\u0118DU POZA URZ\u0118DEM<\/strong><\/h2>\n\n\n<p style=\"text-align: justify;\"><em>Zale\u017cy nam na jak najwi\u0119kszej przejrzysto\u015bci i jawno\u015bci dzia\u0142a\u0144 Urz\u0119du oraz najliczniejszym w\u0142\u0105czeniu mieszka\u0144c\u00f3w w podejmowanie wa\u017cnych decyzji. Konsultacje, spotkania i rozmowy organizowane b\u0119d\u0105 poza Urz\u0119dem, w miejscach w\u0142a\u015bciwych dla temat\u00f3w dyskusji.<br \/>Tak na przyk\u0142ad konsultacje dotycz\u0105ce budowy danej drogi odb\u0119d\u0105 si\u0119 w okolicach tej drogi, a konsultacje dotycz\u0105ce zmiany organizacji ruchu na konkretnym skrzy\u017cowaniu, odb\u0119d\u0105 si\u0119 w\u0142a\u015bnie na tym skrzy\u017cowaniu. <br \/><\/em><\/p>\n\n\n<h5 class=\"has-red-color has-text-color wp-block-heading\" id=\"komentarz-burmistrza\">Komentarz Burmistrza:<\/h5>\n\n\n\n<p class=\"has-red-color has-light-gray-background-color has-text-color has-background\">Tutaj komentarz Burmistrza co uda\u0142o si\u0119 do tej pory zrealizowa\u0107. Tutaj komentarz Burmistrza co uda\u0142o si\u0119 do tej pory zrealizowa\u0107. Tutaj komentarz Burmistrza co uda\u0142o si\u0119 do tej pory zrealizowa\u0107. Tutaj komentarz Burmistrza co uda\u0142o si\u0119 do tej pory zrealizowa\u0107. <\/p>\n\n\n\n<h2 class=\"has-text-align-center has-white-color has-dark-blue-background-color has-text-color has-background has-extra-small-font-size wp-block-heading\" id=\"gora-zamkowa-plaza-miejska-parki\" style=\"font-style:normal;font-weight:500\"><strong>STRATEGIE ROZWOJU DR\u00d3G, \u015aCIE\u017bEK ROWEROWYCH<\/strong><\/h2>\n\n\n<p style=\"text-align: justify;\"><em>Powstan\u0105 wieloletnie strategie i harmonogramy realizacji inwestycji. Wypracowany zostanie harmonogram budowy i przebudowy dr\u00f3g na terenie Miasta. Inwestycje b\u0119d\u0105 realizowane wed\u0142ug ustalonej kolejno\u015bci, a mieszka\u0144cy b\u0119d\u0105 mogli pozna\u0107 pe\u0142ne uzasadnienie dokonanych wybor\u00f3w. Pozwoli to unikn\u0105\u0107 spekulacji i dyskusji dotycz\u0105cych metodologii wybranych dr\u00f3g do remont\u00f3w. <\/em><\/p>\n\n\n<h5 class=\"has-red-color has-text-color wp-block-heading\" id=\"komentarz-burmistrza\">Komentarz Burmistrza:<\/h5>\n\n\n\n<p class=\"has-red-color has-light-gray-background-color has-text-color has-background\">Tutaj komentarz Burmistrza co uda\u0142o si\u0119 do tej pory zrealizowa\u0107. Tutaj komentarz Burmistrza co uda\u0142o si\u0119 do tej pory zrealizowa\u0107. Tutaj komentarz Burmistrza co uda\u0142o si\u0119 do tej pory zrealizowa\u0107. Tutaj komentarz Burmistrza co uda\u0142o si\u0119 do tej pory zrealizowa\u0107. <\/p>\n","protected":false},"excerpt":{"rendered":"<p>BUD\u017bET OBYWATELSKI PO NOWEMU Bud\u017cet Obywatelski W\u0105brze\u017ana jest wadliwy, a zasady jego realizacji budz\u0105 du\u017co w\u0105tpliwo\u015bci. Po tegorocznym niepowodzeniu bud\u017cetu obywatelskiego W\u0105brze\u017ana widoczna jest konieczno\u015b\u0107 pilnej zmiany regulaminu bud\u017cetu. Wypracujemy nowy regulamin bud\u017cetu obywatelskiego. Zmienimy<\/p>\n<p><a href=\"https:\/\/zygnarowski.dkonto.pl\/index.php\/mieszkancy-decyduja\/\" class=\"more-link\">Czytaj wi\u0119cej<span class=\"screen-reader-text\">Mieszka\u0144cy decyduj\u0105<\/span><\/a><\/p>\n","protected":false},"author":1,"featured_media":166,"parent":0,"menu_order":0,"comment_status":"closed","ping_status":"closed","template":"","meta":{"footnotes":""},"class_list":["post-165","page","type-page","status-publish","has-post-thumbnail","hentry"],"_links":{"self":[{"href":"https:\/\/zygnarowski.dkonto.pl\/index.php\/wp-json\/wp\/v2\/pages\/165","targetHints":{"allow":["GET"]}}],"collection":[{"href":"https:\/\/zygnarowski.dkonto.pl\/index.php\/wp-json\/wp\/v2\/pages"}],"about":[{"href":"https:\/\/zygnarowski.dkonto.pl\/index.php\/wp-json\/wp\/v2\/types\/page"}],"author":[{"embeddable":true,"href":"https:\/\/zygnarowski.dkonto.pl\/index.php\/wp-json\/wp\/v2\/users\/1"}],"replies":[{"embeddable":true,"href":"https:\/\/zygnarowski.dkonto.pl\/index.php\/wp-json\/wp\/v2\/comments?post=165"}],"version-history":[{"count":3,"href":"https:\/\/zygnarowski.dkonto.pl\/index.php\/wp-json\/wp\/v2\/pages\/165\/revisions"}],"predecessor-version":[{"id":558,"href":"https:\/\/zygnarowski.dkonto.pl\/index.php\/wp-json\/wp\/v2\/pages\/165\/revisions\/558"}],"wp:featuredmedia":[{"embeddable":true,"href":"https:\/\/zygnarowski.dkonto.pl\/index.php\/wp-json\/wp\/v2\/media\/166"}],"wp:attachment":[{"href":"https:\/\/zygnarowski.dkonto.pl\/index.php\/wp-json\/wp\/v2\/media?parent=165"}],"curies":[{"name":"wp","href":"https:\/\/api.w.org\/{rel}","templated":true}]}}